*f + 8*m. What is the greatest common divisor of 10 and f?
10
Suppose -r + 4 = -0*r - 4*f, 4*f = 4. Let i be 5730/65 + 8/(-52). What is the greatest common factor of i and r?
8
Suppose 2*n = -n + 27. Suppose 3*q + n = 39. Let h be (8/10)/(2/5). What is the highest common divisor of q and h?
2
Suppose 0 = -4*g - 3*d - 3, d = 2*g - 3*g - 2. Calculate the highest common factor of 3 and g.
3
Let i = -5 + 6. Let r = 1 + 3. What is the greatest common divisor of r and i?
1
Let r = -138 - -170. What is the greatest common divisor of r and 32?
32
Let j be 2 + (-3 + 2 - -53). Let w be ((-18)/(-4))/((-42)/(-56)). Calculate the greatest common factor of w and j.
6
Suppose -2 = 3*q - 8, -3 = 3*z - 3*q. Let f(u) = -u - 2. Let c be ((-35)/15)/(1/3). Let m be f(c). What is the highest common factor of z and m?
1
Let d = -537 - -539. Let v be 0*1/(-2) - -4. Calculate the greatest common divisor of d and v.
2
Suppose 4*g = 8*g - 36. Let n(a) = -a + 1. Let u be n(-8). Calculate the highest common factor of u and g.
9
Suppose 0 = 3*p - 21 - 21. Let s(i) = 9*i - 4. Let r be s(2). What is the greatest common factor of p and r?
14
Suppose -3*j - 34 + 484 = 0. Calculate the highest common factor of j and 15.
15
Let m(p) be the third derivative of p**6/120 + 5*p**4/24 - p**3/3 - 2*p**2. Let s be m(4). Suppose s = 5*n + 17. What is the highest common factor of 143 and n?
13
Let m be (-6)/(-14) - 429/21. Let x = -10 - m. Calculate the greatest common divisor of x and 60.
10
Let j(o) = o**3 + 6*o**2 - 8*o + 2. Let q be j(-6). Calculate the highest common divisor of q and 10.
10
Suppose -4*y = -0*y - 8. Let l be 13 - -1*(-6)/y. Calculate the highest common divisor of 10 and l.
10
Suppose -2*j = -j - 2. Suppose 3*z + 12 = -z, -3*z - 3 = j*b. Suppose -1 = -2*o + 5. What is the greatest common divisor of b and o?
3
Let j(r) = r**2 + 6*r - 11. Let p be j(-8). Suppose 0 = f + p*c + 2, -3*f + 3*c + 34 = -2*c. What is the highest common factor of 24 and f?
8
Let m = 0 - -4. Let l(n) = -n**3 + 4*n**2 + 5*n - 6. Let k be l(m). Suppose 2*b - 28 = -0*b. What is the highest common divisor of k and b?
14
Suppose -18 = 6*b - 3*b. Let d = 15 - 9. Let u be 4/d - 32/b. What is the greatest common factor of u and 6?
6
Let y(p) = p**2 + 4*p - 5. Let q be y(5). Suppose 5*t - 40 = 3*n, 6*n + 24 = 3*t + n. What is the greatest common divisor of t and q?
8
Let v(k) = -k**3 - 6*k**2 + 4*k + 2. Let f be v(-7). Let n be 252*(0 + f/(-3)). Let b be (-2)/(-11) + n/(-22). Calculate the greatest common divisor of 8 and b.
8
Let q(f) be the first derivative of f**2 + 4*f + 1. Let c be q(6). Calculate the highest common factor of 8 and c.
8
Let u(x) = -x**2 + 9*x + 4. Let c = 23 - 18. Let b be u(c). Calculate the greatest common factor of b and 120.
24
Suppose -2*j - a = 4 - 6, -3*j + 3 = 5*a. Let m(v) = 54*v**3 + 2*v**2 - 3*v + 2. Let d be m(j). What is the greatest common factor of 11 and d?
11
Let d(b) = 41*b**3 + 2*b**2 - 4*b. Let x be d(-3). Let o = 359 + x. Let t be (-2)/(-8) - o/8. What is the greatest common divisor of t and 10?
10
Suppose -52*k - 35 = -57*k. Calculate the greatest common divisor of k and 70.
7
Suppose -4*g + 0*r = -2*r - 86, 0 = -3*g + 5*r + 54. Let t = g - 9. Calculate the highest common factor of 14 and t.
14
Let t(o) = -o**3 - 14*o**2 - 3*o - 18. Let r be t(-14). Calculate the highest common factor of r and 36.
12
Suppose -4*q + 10 = -2*q. Let k be 75*(-1)/((-9)/6). What is the greatest common factor of q and k?
5
Suppose 3*k + 3 = -2*z - 8, 3*k = -3*z - 6. Let s(c) = -6*c + 2. Let v be s(k). Suppose j = -j + v. What is the greatest common divisor of j and 33?
11
Suppose -5*k = -3*k + 2, -2*c + k = -99. Suppose 3*y = -c + 148. Let d be (-36)/(-10) + (-3)/5. What is the greatest common divisor of y and d?
3
Suppose 3*y - 125 = -5*p, -5*y + p + p + 198 = 0. Calculate the greatest common factor of y and 16.
8
Let v be (3 + -2)/((-3)/(-6)). Suppose 3*m = 2*y - 2*m - 100, -v*y + 2*m = -100. What is the greatest common factor of 20 and y?
10
Let s = -189 - -310. Calculate the greatest common divisor of 11 and s.
11
Let o(b) = 2*b**2 + 5*b - 7. Suppose 3*y + 2 = -19. Let l be o(y). Calculate the greatest common divisor of l and 8.
8
Let i = -188 + 198. Calculate the highest common divisor of i and 10.
10
Suppose 0 = 18*l - 130 - 446. Let f(x) = -x**3 - 4*x**2 + 3. Let p be f(-3). Let s be 26/3 + p/9. Calculate the greatest common divisor of l and s.
8
Let v = 45 + -85. Let u be v/(-2)*4/8. What is the highest common divisor of u and 10?
10
Let t be 1 - (5 + 1 - 3). Let z be 19 + (-5 - t) + 4. Calculate the greatest common factor of z and 10.
10
Let l(i) = -i + 5. Let d be l(6). Let y be (2 + d)*-2 - -5. Suppose 3*x - 3*n - 7 - 5 = 0, -y*x + 26 = 4*n. Calculate the highest common factor of 6 and x.
6
Let r be (-2)/(-4) + 930/12. Suppose 3*f - 2*i = -72 - 35, 2*f + r = 3*i. Let o = f + 63. Calculate the greatest common factor of o and 12.
6
Let o(h) = 59*h**2 - 2*h - 1. Let b be o(-1). What is the highest common factor of b and 12?
12
Let s(f) = f**2 - f - 6. Let i(u) = u**2 + 9*u + 5. Let p be i(-9). Let z be s(p). Let c = -9 + z. Calculate the highest common factor of 2 and c.
1
Let m = 52 + -47. Calculate the greatest common factor of 5 and m.
5
Let x = 82 + -76. What is the greatest common factor of x and 78?
6
Suppose -7 = 3*n + 4*j, 4*n = -0*j + j + 16. Suppose -202 - 68 = -n*b. What is the highest common divisor of 15 and b?
15
Let v = -21 + 30. Suppose 2*q + 23 + v = 0. Let l = q - -49. What is the greatest common divisor of l and 11?
11
Let u = -17 - -36. Suppose -w - o = 3*w - 40, -3*o - 12 = 0. Let i = u - w. Calculate the highest common factor of i and 4.
4
Let p(s) = -2*s + 11. Let w be p(-19). What is the greatest common divisor of 7 and w?
7
Suppose -6*b + 67 = -23. Calculate the highest common divisor of b and 165.
15
Let l(v) = -4*v**3 + 2*v + 1. Let j be l(-1). Suppose k - 13 = j. Suppose q = -2*q + 336. What is the highest common divisor of k and q?
16
Suppose -2*a - a = 0. Let t be (2 + a)*(-1)/(-2). What is the highest common divisor of t and 4?
1
Let i(v) = -2*v**3 + 2*v + 1. Let s be i(-2). Calculate the greatest common divisor of 117 and s.
13
Let m(v) = -v**2 - 12*v + 16. Let s be m(-8). Calculate the highest common factor of s and 32.
16
Let g = 77 - 47. Calculate the highest common factor of 15 and g.
15
Suppose 6*k = 2*k + 24. Let h be 22*(-1 - (-9)/k). What is the greatest common factor of h and 1?
1
Let j(f) = -7*f**2 + 1. Let o be j(1). Let p = o - -3. Let n be 8/p*(-84)/8. What is the highest common factor of 7 and n?
7
Suppose -4*y - 3*u = 2*u - 153, 4*u = -5*y + 180. What is the greatest common divisor of 32 and y?
32
Suppose n + 41 = 3*n + 3*h, 4*h - 59 = -3*n. What is the highest common divisor of n and 65?
13
Suppose -2*x = -2*n + 4, -14 = -2*x + 5*x - 5*n. Let a = 8 + x. What is the highest common divisor of 5 and a?
5
Let d = 29 + 1. Calculate the highest common factor of d and 6.
6
Let o = -10 + 12. Calculate the highest common divisor of o and 8.
2
Suppose -r = 3*r + 16, -4*t - 5*r = 0. What is the highest common factor of t and 55?
5
Let r = 3 - 6. Let d = 30 - r. What is the greatest common divisor of 11 and d?
11
Suppose 244 = 2*j - r, -27 - 459 = -4*j + r. Calculate the greatest common divisor of j and 11.
11
Let h(q) = q + 5. Suppose 6*l = 14 + 58. Let x be h(l). Calculate the highest common divisor of x and 17.
17
Let o(f) = -f**2 - 4*f + 3. Let j be o(-4). Suppose -j*d + 191 = -217. Let a be (16 + -22)/(2 + 0) + 20. Calculate the highest common factor of a and d.
17
Let y(t) = -t**3 + 25*t**2 - 25*t + 52. Let x be y(24). Let p = 22 - 15. Calculate the highest common factor of p and x.
7
Suppose 6*m = 249 + 129. What is the highest common factor of m and 21?
21
Let g(w) = 16*w - 4. Let q be g(2). Let d = -12 + q. Let f(j) = -23*j + 2. Let o be f(-2). What is the greatest common factor of d and o?
16
Suppose 0 = 2*z + w - 65, 5*z = z + w + 115. What is the greatest common divisor of z and 10?
10
Let y = -3 + 31. Let l = y - 14. Calculate the greatest common factor of l and 126.
14
Let y(c) = -c**3 + 15*c**2 + 18*c - 18. Let k be y(16). Calculate the greatest common divisor of 182 and k.
14
Suppose -m + 2*z + 12 = 0, 2*m = 6*z - 3*z +